 of 242172?
True
Is 505526 a multiple of 358?
False
Is 9002420 a multiple of 14?
True
Does 2 divide 31837?
False
Is 39 a factor of 3501693?
True
Is 1610271 a multiple of 37?
False
Does 140 divide 1338400?
True
Is 591677 a multiple of 67?
True
Is 128899 a multiple of 2?
False
Is 12 a factor of 31272?
True
Is 65 a factor of 2881180?
False
Is 467 a factor of 436645?
True
Is 499 a factor of 4799881?
True
Is 20 a factor of 280876?
False
Does 6 divide 100036?
False
Does 158 divide 29958?
False
Does 4 divide 376271?
False
Is 65147 a multiple of 2?
False
Does 297 divide 23011560?
True
Does 99 divide 5709571?
False
Is 554 a factor of 731136?
False
Does 7 divide 11187225?
True
Is 192375 a multiple of 171?
True
Does 508 divide 120396?
True
Does 7 divide 21122?
False
Is 80 a factor of 992904?
False
Is 8544 a multiple of 7?
False
Is 20221395 a multiple of 129?
True
Does 4 divide 221820?
True
Is 149 a factor of 22326?
False
Is 718821 a multiple of 711?
True
Is 2325372 a multiple of 434?
True
Does 13 divide 40105?
True
Is 151404 a multiple of 6?
True
Is 10492812 a multiple of 33?
True
Does 13 divide 169528?
False
Is 14523 a multiple of 10?
False
Does 55 divide 536594?
False
Is 665808 a multiple of 12?
True
Is 1017 a factor of 3714084?
True
Is 1643430 a multiple of 296?
False
Does 281 divide 1323791?
True
Is 81 a factor of 3902661?
True
Does 10 divide 1305790?
True
Is 2436338 a multiple of 10?
False
Does 697 divide 451528?
False
Is 102 a factor of 5133762?
True
Is 871537 a multiple of 331?
False
Is 22382 a multiple of 345?
False
Is 265944 a multiple of 8?
True
Does 8 divide 2616216?
True
Is 1726296 a multiple of 102?
False
Does 53 divide 892361?
True
Does 54 divide 2446092?
True
Is 4740363 a multiple of 14?
False
Is 607014 a multiple of 486?
True
Does 125 divide 23310500?
True
Is 2 a factor of 27976?
True
Is 21021 a multiple of 7?
True
Does 74 divide 435860?
True
Is 13 a factor of 12610?
True
Does 15 divide 930686?
False
Is 44 a factor of 4444?
True
Does 10 divide 2013740?
True
Is 2939115 a multiple of 1131?
False
Is 1762697 a multiple of 443?
True
Is 15 a factor of 10236819?
False
Is 139 a factor of 314140?
True
Is 109800 a multiple of 20?
True
Does 42 divide 14451318?
True
Is 5668561 a multiple of 43?
True
Does 13 divide 1210274?
True
Is 13343 a multiple of 4?
False
Is 43681 a multiple of 361?
True
Is 90 a factor of 919539?
False
Is 20 a factor of 386220?
True
Is 27 a factor of 573714?
False
Is 220785 a multiple of 15?
True
Is 107440 a multiple of 10?
True
Is 56342 a multiple of 394?
True
Is 23602 a multiple of 28?
False
Is 15153 a multiple of 29?
False
Does 35 divide 4273780?
True
Does 51 divide 54570?
True
Is 9 a factor of 205988?
False
Does 44 divide 30003?
False
Does 13 divide 2100306?
True
Does 18 divide 165906?
True
Does 529 divide 1120775?
False
Is 22 a factor of 350020?
True
Is 17904254 a multiple of 795?
False
Is 64560 a multiple of 80?
True
Is 1793 a factor of 9705509?
True
Is 10 a factor of 310740?
True
Is 53 a factor of 1068778?
False
Is 42 a factor of 123648?
True
Is 990874 a multiple of 372?
False
Is 9 a factor of 631803?
False
Does 6 divide 2292685?
False
Is 68176 a multiple of 121?
False
Is 289047 a multiple of 21?
False
Does 6 divide 299898?
True
Is 1534350 a multiple of 965?
True
Is 318 a factor of 16744625?
False
Does 391 divide 276368?
False
Is 9512915 a multiple of 334?
False
Is 35 a factor of 18526303?
False
Is 565087 a multiple of 96?
False
Is 154486 a multiple of 7?
False
Is 568990 a multiple of 250?
False
Does 10 divide 278149?
False
Is 513528 a multiple of 403?
False
Is 531 a factor of 1160766?
True
Is 19846040 a multiple of 8?
True
Does 22 divide 48422?
True
Is 8 a factor of 14307?
False
Is 856240 a multiple of 11?
True
Does 15 divide 161791?
False
Is 138340 a multiple of 10?
True
Is 33 a factor of 2005311?
True
Does 560 divide 777840?
True
Is 9 a factor of 30594?
False
Does 288 divide 459914?
False
Is 8191854 a multiple of 33?
True
Is 137775 a multiple of 19?
False
Is 7614147 a multiple of 9?
False
Is 43209 a multiple of 78?
False
Is 280 a factor of 243600?
True
Does 267 divide 20909571?
True
Is 13865892 a multiple of 12?
True
Does 23 divide 2097393?
True
Does 7 divide 684978?
True
Is 3 a factor of 15317?
False
Is 5 a factor of 107555?
True
Does 73 divide 125195?
True
Is 605 a factor of 1241595?
False
Is 424601 a multiple of 46?
False
Does 401 divide 8421?
True
Is 50 a factor of 142837?
False
Is 659624 a multiple of 20?
False
Is 72 a factor of 4405320?
True
Is 2623055 a multiple of 197?
True
Does 140 divide 389584?
False
Is 358 a factor of 303138?
False
Is 4 a factor of 13956?
True
Is 294697 a multiple of 504?
False
Does 13 divide 195065?
True
Is 6 a factor of 822558?
True
Does 63 divide 40931?
False
Is 180 a factor of 181980?
True
Is 4765135 a multiple of 101?
False
Is 2 a factor of 17573?
False
Does 59 divide 387875?
False
Is 419 a factor of 5758317?
True
Does 377 divide 424502?
True
Is 47950 a multiple of 4?
False
Does 5 divide 10996?
False
Is 14225085 a multiple of 9?
True
Does 433 divide 1937807?
False
Is 882181 a multiple of 67?
False
Is 35 a factor of 501235?
True
Is 947074 a multiple of 38?
True
Is 28 a factor of 1604876?
True
Is 83 a factor of 1478147?
True
Does 20 divide 130360?
True
Does 27 divide 96707?
False
Is 13 a factor of 263660?
False
Is 172 a factor of 1283980?
True
Is 7 a factor of 55?
False
Is 123 a factor of 1556073?
True
Is 1123024 a multiple of 259?
True
Does 184 divide 460552?
True
Is 27 a factor of 18013?
False
Is 46886 a multiple of 150?
False
Does 2075 divide 2216100?
True
Does 471 divide 38176?
False
Is 60844 a multiple of 46?
False
Is 13936 a multiple of 31?
False
Is 88 a factor of 192946?
False
Is 1085786 a multiple of 14?
False
Does 16 divide 78846?
False
Does 43 divide 1279076?
False
Is 77859 a multiple of 369?
True
Does 4 divide 20549?
False
Is 504 a factor of 1760976?
True
Is 174 a factor of 1282054?
False
Does 911 divide 303841?
False
Is 8 a factor of 20702?
False
Is 7035575 a multiple of 162?
False
Does 3 divide 18852?
True
Does 4 divide 9059350?
False
Does 25 divide 618000?
True
Is 34357 a multiple of 17?
True
Is 27 a factor of 1916298?
True
Does 22 divide 914716?
True
Is 113085 a multiple of 105?
True
Is 68 a factor of 1840216?
True
Is 5 a factor of 730?
True
Is 2163120 a multiple of 24?
True
Is 28200 a multiple of 25?
True
Is 243502 a multiple of 360?
False
Is 453675 a multiple of 21?
False
Is 376 a factor of 649782?
False
Is 10293 a multiple of 3?
True
Is 30 a factor of 55380?
True
Does 22 divide 13342396?
False
Does 31 divide 72912?
True
Is 289567 a multiple of 61?
True
Does 11 divide 13191224?
False
Is 36948 a multiple of 14?
False
Does 67 divide 126496?
True
Is 204 a factor of 1156068?
True
Does 2 divide 30968?
True
Does 14 divide 11648?
True
Is 69 a factor of 511388?
False
Is 18 a factor of 302220?
True
Is 17 a factor of 37325?
False
Is 11 a factor of 40591?
False
Does 528 divide 372729?
False
Is 7914 a multiple of 7?
False
Does 294 divide 128914?
False
Is 296 a factor of 294947?
False
Is 5449119 a multiple of 13?
True
Does 187 divide 117660?
False
Is 910 a factor of 869050?
True
Is 157 a factor of 4209666?
False
Is 659 a factor of 723582?
True
Is 2067941 a multiple of 19?
True
Does 969 divide 5585869?
False
Is 1919475 a multiple of 95?
True
Is 155 a factor of 464380?
True
Is 5331785 a multiple of 12?
False
Does 8 divide 45016?
True
Does 4 divide 21343?
False
Is 18 a factor of 853398?
True
Is 6053645 a multiple of 13?
True
Is 22 a factor of 113625?
False
Is 330 a factor of 693660?
True
Is 235 a factor of 8159939?
False
Is 414 a factor of 7864100?
False
Is 193 a factor of 20543306?
True
Is 107 a factor of 3830600?
True
Is 1282050 a multiple of 45?
True
Is 22 a factor of 11823526?
True
Does 32 divide 479509?
False
Is 457710 a multiple of 112?
False
Is 156808 a multiple of 17?
True
Does 816 divide 422273?
False
Is 439 a factor of 3313467?
False
Is 2538984 a multiple of 17?
True
Does 29 divide 2090697?
True
Is 805067 a multiple of 997?
False
Is 505160 a multiple of 730?
True
Does 78 divide 120822?
True
Is 158124 a multiple of 11?
False
Is 105876 even?
True
Is 505680 a multiple of 140?
True
Does 17 divide 472226?
True
Is 213514 a multiple of 353?
False
Does 83 divide 29880?
True
Does 2